 the highest common factor of 98 and 245.
49
Calculate the highest common factor of 1150 and 25.
25
Calculate the highest common factor of 33 and 3707.
11
Calculate the highest common divisor of 333 and 261.
9
Calculate the greatest common divisor of 6 and 246.
6
What is the greatest common factor of 8 and 56?
8
Calculate the highest common divisor of 812 and 29.
29
Calculate the greatest common factor of 102 and 1734.
102
Calculate the highest common factor of 218 and 104422.
218
Calculate the highest common factor of 49092 and 12.
12
Calculate the highest common divisor of 42 and 49.
7
What is the highest common factor of 921 and 2149?
307
Calculate the greatest common divisor of 17 and 323.
17
Calculate the highest common factor of 82 and 246.
82
Calculate the highest common divisor of 4767 and 21.
21
What is the greatest common factor of 400 and 3500?
100
What is the highest common divisor of 1854 and 3296?
206
Calculate the greatest common factor of 3550 and 10.
10
Calculate the greatest common divisor of 5600 and 1000.
200
What is the greatest common divisor of 72 and 63?
9
Calculate the greatest common divisor of 96 and 108.
12
Calculate the greatest common factor of 422 and 633.
211
What is the greatest common factor of 57 and 323?
19
Calculate the highest common divisor of 21 and 7.
7
Calculate the greatest common divisor of 328 and 410.
82
What is the greatest common divisor of 6 and 8826?
6
What is the greatest common divisor of 1918 and 822?
274
What is the highest common factor of 6123 and 117?
39
Calculate the greatest common factor of 132 and 858.
66
Calculate the highest common divisor of 58 and 7279.
29
Calculate the highest common factor of 741 and 570.
57
Calculate the highest common divisor of 2586 and 6.
6
What is the highest common divisor of 4522 and 2142?
238
Calculate the highest common factor of 72 and 396.
36
Calculate the highest common factor of 34 and 731.
17
Calculate the greatest common divisor of 1457 and 47.
47
Calculate the highest common divisor of 112 and 406.
14
Calculate the highest common divisor of 832 and 52.
52
What is the greatest common factor of 3260 and 1467?
163
Calculate the greatest common factor of 357 and 408.
51
Calculate the highest common divisor of 189 and 9.
9
Calculate the greatest common divisor of 2030 and 2520.
70
Calculate the highest common factor of 473 and 43.
43
Calculate the highest common divisor of 12864 and 201.
201
Calculate the greatest common factor of 620 and 40.
20
What is the highest common divisor of 1703 and 13?
13
Calculate the greatest common factor of 24 and 3276.
12
What is the highest common factor of 144 and 496?
16
Calculate the highest common divisor of 168 and 3192.
168
Calculate the highest common factor of 364 and 144.
4
What is the highest common factor of 192 and 1056?
96
What is the greatest common factor of 354 and 2183?
59
What is the highest common divisor of 534 and 6?
6
What is the greatest common factor of 17 and 5491?
17
Calculate the greatest common divisor of 1675 and 925.
25
Calculate the greatest common divisor of 455 and 39.
13
Calculate the greatest common factor of 4343 and 301.
43
What is the highest common factor of 275 and 11?
11
Calculate the highest common factor of 182 and 70.
14
Calculate the greatest common divisor of 110 and 1078.
22
What is the greatest common divisor of 10 and 3310?
10
What is the highest common factor of 170 and 51?
17
Calculate the greatest common divisor of 592 and 555.
37
What is the greatest common factor of 5 and 485?
5
Calculate the greatest common factor of 10 and 22.
2
What is the greatest common divisor of 119 and 731?
17
What is the greatest common factor of 9012 and 24?
12
Calculate the highest common divisor of 68 and 306.
34
Calculate the greatest common factor of 138 and 6.
6
Calculate the highest common factor of 276 and 36.
12
What is the greatest common factor of 29 and 435?
29
What is the highest common divisor of 140 and 400?
20
Calculate the highest common divisor of 1577 and 83.
83
Calculate the highest common divisor of 20 and 130.
10
Calculate the highest common divisor of 70 and 90.
10
Calculate the greatest common divisor of 252 and 27.
9
Calculate the highest common divisor of 40 and 360.
40
Calculate the greatest common divisor of 72 and 162.
18
What is the greatest common divisor of 287 and 41?
41
Calculate the highest common divisor of 2560 and 2944.
128
Calculate the highest common divisor of 2366 and 546.
182
What is the highest common factor of 64 and 12?
4
What is the highest common divisor of 10 and 16?
2
Calculate the greatest common factor of 34 and 102.
34
Calculate the highest common factor of 2000 and 128.
16
What is the greatest common divisor of 3055 and 10?
5
What is the greatest common factor of 2401 and 735?
49
Calculate the highest common factor of 21 and 721.
7
Calculate the highest common divisor of 612 and 144.
36
What is the highest common divisor of 12654 and 888?
222
What is the greatest common divisor of 15 and 165?
15
Calculate the greatest common divisor of 72 and 1440.
72
What is the highest common divisor of 1323 and 108?
27
What is the highest common divisor of 464 and 16?
16
Calculate the highest common factor of 1079 and 26.
13
What is the greatest common divisor of 3487 and 1585?
317
Calculate the highest common factor of 387 and 9.
9
Calculate the highest common divisor of 133 and 35.
7
Calculate the greatest common divisor of 6952 and 352.
88
Calculate the greatest common divisor of 23394 and 28.
14
Calculate the greatest common factor of 1465 and 14943.
293
What is the highest common factor of 93 and 217?
31
What is the greatest common factor of 816 and 2210?
34
Calculate the highest common factor of 116 and 29.
29
What is the greatest common factor of 4200 and 252?
84
Calculate the greatest common divisor of 180 and 450.
90
Calculate the greatest common factor of 6137 and 34.
17
Calculate the highest common factor of 672 and 252.
84
What is the highest common divisor of 28 and 308?
28
What is the greatest common divisor of 1 and 5?
1
Calculate the greatest common divisor of 23 and 1357.
23
What is the highest common divisor of 12 and 8508?
12
Calculate the greatest common factor of 3 and 897.
3
What is the greatest common divisor of 184 and 2047?
23
What is the greatest common factor of 858 and 312?
78
Calculate the highest common divisor of 2529 and 18.
9
Calculate the greatest common divisor of 4 and 3.
1
What is the highest common divisor of 519 and 346?
173
Calculate the highest common divisor of 10 and 230.
10
What is the greatest common factor of 42 and 6?
6
Calculate the highest common factor of 1526 and 28.
14
What is the highest common factor of 513 and 756?
27
Calculate the highest common divisor of 72 and 396.
36
What is the greatest common divisor of 126 and 21?
21
Calculate the highest common divisor of 30 and 105.
15
What is the greatest common divisor of 108 and 2862?
54
What is the greatest common factor of 105 and 24?
3
Calculate the greatest common factor of 567 and 105.
21
Calculate the highest common factor of 1639 and 88.
11
Calculate the highest common divisor of 570 and 46360.
190
Calculate the greatest common factor of 108 and 6831.
27
What is the highest common divisor of 5226 and 130?
26
What is the greatest common divisor of 845 and 1?
1
What is the greatest common factor of 148 and 1073?
37
Calculate the greatest common divisor of 7 and 342.
1
What is the highest common factor of 91 and 1157?
13
Calculate the highest common divisor of 63 and 27.
9
Calculate the highest common factor of 3355 and 55.
55
What is the greatest common factor of 91 and 26?
13
Calculate the highest common factor of 90 and 505.
5
What is the greatest common factor of 15831 and 9?
9
Calculate the highest common factor of 36 and 66.
6
Calculate the greatest common divisor of 185 and 629.
37
Calculate the greatest common factor of 598 and 104.
26
Calculate the greatest common divisor of 395 and 711.
79
What is the greatest common factor of 1368 and 1800?
72
What is the highest common divisor of 405 and 750?
15
Calculate the highest common factor of 1121 and 19.
19
What is the highest common factor of 10 and 370?
10
What is the greatest common f